{"id":4904,"date":"2024-09-06T08:12:12","date_gmt":"2024-09-06T08:12:12","guid":{"rendered":"https:\/\/moon-gallery.it\/statuto\/"},"modified":"2024-09-06T08:12:12","modified_gmt":"2024-09-06T08:12:12","slug":"statuto","status":"publish","type":"page","link":"https:\/\/moon-gallery.it\/en\/statuto\/","title":{"rendered":"Statuto"},"content":{"rendered":"<h1 class=\"font-claude-response-body break-words whitespace-normal leading-[1.7]\"><strong>ARCI MOON APS<\/strong><\/h1>\n<p class=\"font-claude-response-body break-words whitespace-normal leading-[1.7]\"><strong>Premessa<\/strong><\/p>\n<p class=\"font-claude-response-body break-words whitespace-normal leading-[1.7]\">Con l&#8217;obiettivo di promuovere politiche che favoriscono la convivenza delle differenze nel rispetto di ogni soggettivit\u00e0, nella stesura dello statuto \u00e8 stato adottato un linguaggio inclusivo prevedendo, ove necessario, l&#8217;utilizzo del simbolo schwa (\u01dd) e del corrispondente simbolo al plurale (\u0437). Comprendendo le possibili difficolt\u00e0 nell&#8217;oralit\u00e0, si propone di leggere lo schwa (\u01dd) come femminile sovra esteso.<\/p>\n<p class=\"font-claude-response-body break-words whitespace-normal leading-[1.7]\"><strong>Definizioni e Finalit\u00e0<\/strong><\/p>\n<p class=\"font-claude-response-body break-words whitespace-normal leading-[1.7]\"><strong>Articolo 1<\/strong><\/p>\n<p class=\"font-claude-response-body break-words whitespace-normal leading-[1.7]\">Forma giuridica e principi generali &#8211; \u00c8 costituita l&#8217;Associazione di Promozione Sociale, ai sensi del Codice del Terzo Settore (D.Lgs 117\/2017, di seguito indicato come CTS), e delle norme del Codice civile in tema di associazioni, &#8220;ARCI MOON APS&#8221; (denominata Associazione nel presente testo) con sede legale in Pistoia (PT). Il trasferimento della sede legale all&#8217;interno del medesimo Comune deliberato dall&#8217;Assemblea delle soci\u0437 non comporta modifica statutaria, ma l&#8217;obbligo di comunicazione agli uffici competenti. L&#8217;Associazione \u00e8 un ente del Terzo settore (ETS), e centro di vita associativa, autonomo, pluralista, apartitico, a carattere volontario, democratico e antifascista ed ha durata illimitata; non persegue finalit\u00e0 di lucro e non \u00e8 pertanto consentita la distribuzione anche indiretta di utili ed avanzi di gestione, fondi e riserve comunque denominate a fondatori, associat\u0437, lavoratori e collaboratori, amministratori ed altri componenti degli organi sociali, anche nel caso di recesso o di ogni altra ipotesi di scioglimento individuale del rapporto associativo. Condividendone le finalit\u00e0, aderisce all&#8217;associazione e rete associativa nazionale &#8220;ARCI APS&#8221;, adottandone la tessera nazionale quale tessera sociale.<\/p>\n<p class=\"font-claude-response-body break-words whitespace-normal leading-[1.7]\"><strong>Articolo 2<\/strong><\/p>\n<p class=\"font-claude-response-body break-words whitespace-normal leading-[1.7]\">Finalit\u00e0 civiche, solidaristiche e di utilit\u00e0 sociale &#8211; Lo scopo principale dell&#8217;Associazione \u00e8 promuovere socialit\u00e0, mutualismo, partecipazione e sviluppo del senso di comunit\u00e0, e contribuire alla crescita culturale e civile delle proprie soci\u0437, come dell&#8217;intera comunit\u00e0.<\/p>\n<p class=\"font-claude-response-body break-words whitespace-normal leading-[1.7]\">Sono finalit\u00e0 dell&#8217;associazione:<\/p>\n<ul class=\"[li_&amp;]:mb-0 [li_&amp;]:mt-1 [li_&amp;]:gap-1 [&amp;:not(:last-child)_ul]:pb-1 [&amp;:not(:last-child)_ol]:pb-1 list-disc flex flex-col gap-1 pl-8 mb-3\">\n<li class=\"font-claude-response-body whitespace-normal break-words pl-2\">la promozione del benessere delle persone e il riconoscimento del diritto alla felicit\u00e0;<\/li>\n<li class=\"font-claude-response-body whitespace-normal break-words pl-2\">la promozione della cultura, delle sue forme espressive, della creativit\u00e0 e delle attitudini creative, degli spazi per l&#8217;espressione, la formazione, la creazione, la produzione e fruizione culturale.<\/li>\n<\/ul>\n<p class=\"font-claude-response-body break-words whitespace-normal leading-[1.7]\"><strong>Articolo 3<\/strong><\/p>\n<p class=\"font-claude-response-body break-words whitespace-normal leading-[1.7]\">Attivit\u00e0 di interesse generale, attivit\u00e0 diverse e raccolta fondi.<\/p>\n<p class=\"font-claude-response-body break-words whitespace-normal leading-[1.7]\">I) L&#8217;Associazione persegue le finalit\u00e0 civiche, solidaristiche e di utilit\u00e0 sociale di cui all&#8217;art. 2 mediante lo svolgimento in favore dei propri associati, di loro familiari o di terzi, delle seguenti attivit\u00e0 di interesse generale di cui all&#8217;art. 5 del CTS:<\/p>\n<p class=\"font-claude-response-body break-words whitespace-normal leading-[1.7]\">a) interventi e servizi sociali ai sensi dell&#8217;articolo 1, commi 1 e 2, della legge 8 novembre 2000, n. 328, e successive modificazioni, e interventi, servizi e prestazioni di cui alla legge 5 febbraio 1992, n. 104, e alla legge 22 giugno 2016, n. 112, e successive modificazioni;<\/p>\n<p class=\"font-claude-response-body break-words whitespace-normal leading-[1.7]\">d) educazione, istruzione e formazione professionale, ai sensi della legge 28 marzo 2003, n. 53, e successive modificazioni, nonch\u00e9 le attivit\u00e0 culturali di interesse sociale con finalit\u00e0 educativa;<\/p>\n<p class=\"font-claude-response-body break-words whitespace-normal leading-[1.7]\">i) organizzazione e gestione di attivit\u00e0 culturali, artistiche o ricreative di interesse sociale, incluse attivit\u00e0, anche editoriali, di promozione e diffusione della cultura e della pratica del volontariato e delle attivit\u00e0 di interesse generale di cui all&#8217;art. 5 CTS;<\/p>\n<p class=\"font-claude-response-body break-words whitespace-normal leading-[1.7]\">l) formazione extra scolastica, finalizzata alla prevenzione della dispersione scolastica e al successo scolastico e formativo, alla prevenzione del bullismo e al contrasto della povert\u00e0 educativa;<\/p>\n<p class=\"font-claude-response-body break-words whitespace-normal leading-[1.7]\">r) accoglienza umanitaria ed integrazione sociale dei migranti.<\/p>\n<p class=\"font-claude-response-body break-words whitespace-normal leading-[1.7]\"><strong>In particolare sono attivit\u00e0 dell&#8217;Associazione:<\/strong><\/p>\n<ul class=\"[li_&amp;]:mb-0 [li_&amp;]:mt-1 [li_&amp;]:gap-1 [&amp;:not(:last-child)_ul]:pb-1 [&amp;:not(:last-child)_ol]:pb-1 list-disc flex flex-col gap-1 pl-8 mb-3\">\n<li class=\"font-claude-response-body whitespace-normal break-words pl-2\">attivit\u00e0 di scultura, fotografia, sartoria artigianale, slow design, teatro e yoga anche con finalit\u00e0 di socializzazione e di inclusione sociale delle fasce marginali della societ\u00e0;<\/li>\n<li class=\"font-claude-response-body whitespace-normal break-words pl-2\">attivit\u00e0 e laboratori creativi per bambini (pittura, scultura, corsi di lingue, teatro e movimento, dopo scuola);<\/li>\n<li class=\"font-claude-response-body whitespace-normal break-words pl-2\">attivit\u00e0 di educazione alla cittadinanza;<\/li>\n<li class=\"font-claude-response-body whitespace-normal break-words pl-2\">promozione e sviluppo delle reti di comunit\u00e0;<\/li>\n<li class=\"font-claude-response-body whitespace-normal break-words pl-2\">organizzazione eventi e iniziative culturali e sociali;<\/li>\n<li class=\"font-claude-response-body whitespace-normal break-words pl-2\">in ottica solidaristica e mutualistica, messa a condivisione di spazi per lo studio e il coworking;<\/li>\n<li class=\"font-claude-response-body whitespace-normal break-words pl-2\">realizzazione di attivit\u00e0 a tema ambientale ed eco-solidali, con l&#8217;intento di sensibilizzare la comunit\u00e0 alla sostenibilit\u00e0 e al consumo etico;<\/li>\n<li class=\"font-claude-response-body whitespace-normal break-words pl-2\">ogni altra attivit\u00e0 che sia espressione delle attivit\u00e0 di interesse generale sopra individuate.<\/li>\n<\/ul>\n","protected":false},"excerpt":{"rendered":"<p>ARCI MOON APS Premessa Con l&#8217;obiettivo di promuovere politiche che favoriscono la &#8230;<\/p>\n","protected":false},"author":1,"featured_media":0,"parent":0,"menu_order":0,"comment_status":"closed","ping_status":"closed","template":"","meta":{"footnotes":""},"class_list":["post-4904","page","type-page","status-publish","hentry"],"yoast_head":"<!-- This site is optimized with the Yoast SEO plugin v28.4 - https:\/\/yoast.com\/product\/yoast-seo-wordpress\/ -->\n<title>Statuto - Moon Gallery<\/title>\n<meta name=\"robots\" content=\"index, follow, max-snippet:-1, max-image-preview:large, max-video-preview:-1\" \/>\n<link rel=\"canonical\" href=\"https:\/\/moon-gallery.it\/en\/statuto\/\" \/>\n<meta property=\"og:locale\" content=\"en_US\" \/>\n<meta property=\"og:type\" content=\"article\" \/>\n<meta property=\"og:title\" content=\"Statuto - Moon Gallery\" \/>\n<meta property=\"og:description\" content=\"ARCI MOON APS Premessa Con l&#8217;obiettivo di promuovere politiche che favoriscono la ...\" \/>\n<meta property=\"og:url\" content=\"https:\/\/moon-gallery.it\/en\/statuto\/\" \/>\n<meta property=\"og:site_name\" content=\"Moon Gallery\" \/>\n<meta name=\"twitter:card\" content=\"summary_large_image\" \/>\n<meta name=\"twitter:label1\" content=\"Est. reading time\" \/>\n\t<meta name=\"twitter:data1\" content=\"3 minutes\" \/>\n<script type=\"application\/ld+json\" class=\"yoast-schema-graph\">{\"@context\":\"https:\\\/\\\/schema.org\",\"@graph\":[{\"@type\":\"WebPage\",\"@id\":\"https:\\\/\\\/moon-gallery.it\\\/en\\\/statuto\\\/\",\"url\":\"https:\\\/\\\/moon-gallery.it\\\/en\\\/statuto\\\/\",\"name\":\"Statuto - Moon Gallery\",\"isPartOf\":{\"@id\":\"https:\\\/\\\/moon-gallery.it\\\/en\\\/#website\"},\"datePublished\":\"2024-09-06T08:12:12+00:00\",\"breadcrumb\":{\"@id\":\"https:\\\/\\\/moon-gallery.it\\\/en\\\/statuto\\\/#breadcrumb\"},\"inLanguage\":\"en-US\",\"potentialAction\":[{\"@type\":\"ReadAction\",\"target\":[\"https:\\\/\\\/moon-gallery.it\\\/en\\\/statuto\\\/\"]}]},{\"@type\":\"BreadcrumbList\",\"@id\":\"https:\\\/\\\/moon-gallery.it\\\/en\\\/statuto\\\/#breadcrumb\",\"itemListElement\":[{\"@type\":\"ListItem\",\"position\":1,\"name\":\"Home\",\"item\":\"https:\\\/\\\/moon-gallery.it\\\/en\\\/\"},{\"@type\":\"ListItem\",\"position\":2,\"name\":\"Statuto\"}]},{\"@type\":\"WebSite\",\"@id\":\"https:\\\/\\\/moon-gallery.it\\\/en\\\/#website\",\"url\":\"https:\\\/\\\/moon-gallery.it\\\/en\\\/\",\"name\":\"Moon Gallery\",\"description\":\"Arte \\\/ Cultura \\\/ Eventi\",\"potentialAction\":[{\"@type\":\"SearchAction\",\"target\":{\"@type\":\"EntryPoint\",\"urlTemplate\":\"https:\\\/\\\/moon-gallery.it\\\/en\\\/?s={search_term_string}\"},\"query-input\":{\"@type\":\"PropertyValueSpecification\",\"valueRequired\":true,\"valueName\":\"search_term_string\"}}],\"inLanguage\":\"en-US\"}]}<\/script>\n<!-- \/ Yoast SEO plugin. -->","yoast_head_json":{"title":"Statuto - Moon Gallery","robots":{"index":"index","follow":"follow","max-snippet":"max-snippet:-1","max-image-preview":"max-image-preview:large","max-video-preview":"max-video-preview:-1"},"canonical":"https:\/\/moon-gallery.it\/en\/statuto\/","og_locale":"en_US","og_type":"article","og_title":"Statuto - Moon Gallery","og_description":"ARCI MOON APS Premessa Con l&#8217;obiettivo di promuovere politiche che favoriscono la ...","og_url":"https:\/\/moon-gallery.it\/en\/statuto\/","og_site_name":"Moon Gallery","twitter_card":"summary_large_image","twitter_misc":{"Est. reading time":"3 minutes"},"schema":{"@context":"https:\/\/schema.org","@graph":[{"@type":"WebPage","@id":"https:\/\/moon-gallery.it\/en\/statuto\/","url":"https:\/\/moon-gallery.it\/en\/statuto\/","name":"Statuto - Moon Gallery","isPartOf":{"@id":"https:\/\/moon-gallery.it\/en\/#website"},"datePublished":"2024-09-06T08:12:12+00:00","breadcrumb":{"@id":"https:\/\/moon-gallery.it\/en\/statuto\/#breadcrumb"},"inLanguage":"en-US","potentialAction":[{"@type":"ReadAction","target":["https:\/\/moon-gallery.it\/en\/statuto\/"]}]},{"@type":"BreadcrumbList","@id":"https:\/\/moon-gallery.it\/en\/statuto\/#breadcrumb","itemListElement":[{"@type":"ListItem","position":1,"name":"Home","item":"https:\/\/moon-gallery.it\/en\/"},{"@type":"ListItem","position":2,"name":"Statuto"}]},{"@type":"WebSite","@id":"https:\/\/moon-gallery.it\/en\/#website","url":"https:\/\/moon-gallery.it\/en\/","name":"Moon Gallery","description":"Arte \/ Cultura \/ Eventi","potentialAction":[{"@type":"SearchAction","target":{"@type":"EntryPoint","urlTemplate":"https:\/\/moon-gallery.it\/en\/?s={search_term_string}"},"query-input":{"@type":"PropertyValueSpecification","valueRequired":true,"valueName":"search_term_string"}}],"inLanguage":"en-US"}]}},"_links":{"self":[{"href":"https:\/\/moon-gallery.it\/en\/wp-json\/wp\/v2\/pages\/4904","targetHints":{"allow":["GET"]}}],"collection":[{"href":"https:\/\/moon-gallery.it\/en\/wp-json\/wp\/v2\/pages"}],"about":[{"href":"https:\/\/moon-gallery.it\/en\/wp-json\/wp\/v2\/types\/page"}],"author":[{"embeddable":true,"href":"https:\/\/moon-gallery.it\/en\/wp-json\/wp\/v2\/users\/1"}],"replies":[{"embeddable":true,"href":"https:\/\/moon-gallery.it\/en\/wp-json\/wp\/v2\/comments?post=4904"}],"version-history":[{"count":0,"href":"https:\/\/moon-gallery.it\/en\/wp-json\/wp\/v2\/pages\/4904\/revisions"}],"wp:attachment":[{"href":"https:\/\/moon-gallery.it\/en\/wp-json\/wp\/v2\/media?parent=4904"}],"curies":[{"name":"wp","href":"https:\/\/api.w.org\/{rel}","templated":true}]}}

<h1 class="font-claude-response-body break-words whitespace-normal leading-[1.7]"><strong>ARCI MOON APS</strong></h1>
<p class="font-claude-response-body break-words whitespace-normal leading-[1.7]"><strong>Premessa</strong></p>
<p class="font-claude-response-body break-words whitespace-normal leading-[1.7]">Con l&#8217;obiettivo di promuovere politiche che favoriscono la convivenza delle differenze nel rispetto di ogni soggettività, nella stesura dello statuto è stato adottato un linguaggio inclusivo prevedendo, ove necessario, l&#8217;utilizzo del simbolo schwa (ǝ) e del corrispondente simbolo al plurale (з). Comprendendo le possibili difficoltà nell&#8217;oralità, si propone di leggere lo schwa (ǝ) come femminile sovra esteso.</p>
<p class="font-claude-response-body break-words whitespace-normal leading-[1.7]"><strong>Definizioni e Finalità</strong></p>
<p class="font-claude-response-body break-words whitespace-normal leading-[1.7]"><strong>Articolo 1</strong></p>
<p class="font-claude-response-body break-words whitespace-normal leading-[1.7]">Forma giuridica e principi generali &#8211; È costituita l&#8217;Associazione di Promozione Sociale, ai sensi del Codice del Terzo Settore (D.Lgs 117/2017, di seguito indicato come CTS), e delle norme del Codice civile in tema di associazioni, &#8220;ARCI MOON APS&#8221; (denominata Associazione nel presente testo) con sede legale in Pistoia (PT). Il trasferimento della sede legale all&#8217;interno del medesimo Comune deliberato dall&#8217;Assemblea delle sociз non comporta modifica statutaria, ma l&#8217;obbligo di comunicazione agli uffici competenti. L&#8217;Associazione è un ente del Terzo settore (ETS), e centro di vita associativa, autonomo, pluralista, apartitico, a carattere volontario, democratico e antifascista ed ha durata illimitata; non persegue finalità di lucro e non è pertanto consentita la distribuzione anche indiretta di utili ed avanzi di gestione, fondi e riserve comunque denominate a fondatori, associatз, lavoratori e collaboratori, amministratori ed altri componenti degli organi sociali, anche nel caso di recesso o di ogni altra ipotesi di scioglimento individuale del rapporto associativo. Condividendone le finalità, aderisce all&#8217;associazione e rete associativa nazionale &#8220;ARCI APS&#8221;, adottandone la tessera nazionale quale tessera sociale.</p>
<p class="font-claude-response-body break-words whitespace-normal leading-[1.7]"><strong>Articolo 2</strong></p>
<p class="font-claude-response-body break-words whitespace-normal leading-[1.7]">Finalità civiche, solidaristiche e di utilità sociale &#8211; Lo scopo principale dell&#8217;Associazione è promuovere socialità, mutualismo, partecipazione e sviluppo del senso di comunità, e contribuire alla crescita culturale e civile delle proprie sociз, come dell&#8217;intera comunità.</p>
<p class="font-claude-response-body break-words whitespace-normal leading-[1.7]">Sono finalità dell&#8217;associazione:</p>
<ul class="[li_&amp;]:mb-0 [li_&amp;]:mt-1 [li_&amp;]:gap-1 [&amp;:not(:last-child)_ul]:pb-1 [&amp;:not(:last-child)_ol]:pb-1 list-disc flex flex-col gap-1 pl-8 mb-3">
<li class="font-claude-response-body whitespace-normal break-words pl-2">la promozione del benessere delle persone e il riconoscimento del diritto alla felicità;</li>
<li class="font-claude-response-body whitespace-normal break-words pl-2">la promozione della cultura, delle sue forme espressive, della creatività e delle attitudini creative, degli spazi per l&#8217;espressione, la formazione, la creazione, la produzione e fruizione culturale.</li>
</ul>
<p class="font-claude-response-body break-words whitespace-normal leading-[1.7]"><strong>Articolo 3</strong></p>
<p class="font-claude-response-body break-words whitespace-normal leading-[1.7]">Attività di interesse generale, attività diverse e raccolta fondi.</p>
<p class="font-claude-response-body break-words whitespace-normal leading-[1.7]">I) L&#8217;Associazione persegue le finalità civiche, solidaristiche e di utilità sociale di cui all&#8217;art. 2 mediante lo svolgimento in favore dei propri associati, di loro familiari o di terzi, delle seguenti attività di interesse generale di cui all&#8217;art. 5 del CTS:</p>
<p class="font-claude-response-body break-words whitespace-normal leading-[1.7]">a) interventi e servizi sociali ai sensi dell&#8217;articolo 1, commi 1 e 2, della legge 8 novembre 2000, n. 328, e successive modificazioni, e interventi, servizi e prestazioni di cui alla legge 5 febbraio 1992, n. 104, e alla legge 22 giugno 2016, n. 112, e successive modificazioni;</p>
<p class="font-claude-response-body break-words whitespace-normal leading-[1.7]">d) educazione, istruzione e formazione professionale, ai sensi della legge 28 marzo 2003, n. 53, e successive modificazioni, nonché le attività culturali di interesse sociale con finalità educativa;</p>
<p class="font-claude-response-body break-words whitespace-normal leading-[1.7]">i) organizzazione e gestione di attività culturali, artistiche o ricreative di interesse sociale, incluse attività, anche editoriali, di promozione e diffusione della cultura e della pratica del volontariato e delle attività di interesse generale di cui all&#8217;art. 5 CTS;</p>
<p class="font-claude-response-body break-words whitespace-normal leading-[1.7]">l) formazione extra scolastica, finalizzata alla prevenzione della dispersione scolastica e al successo scolastico e formativo, alla prevenzione del bullismo e al contrasto della povertà educativa;</p>
<p class="font-claude-response-body break-words whitespace-normal leading-[1.7]">r) accoglienza umanitaria ed integrazione sociale dei migranti.</p>
<p class="font-claude-response-body break-words whitespace-normal leading-[1.7]"><strong>In particolare sono attività dell&#8217;Associazione:</strong></p>
<ul class="[li_&amp;]:mb-0 [li_&amp;]:mt-1 [li_&amp;]:gap-1 [&amp;:not(:last-child)_ul]:pb-1 [&amp;:not(:last-child)_ol]:pb-1 list-disc flex flex-col gap-1 pl-8 mb-3">
<li class="font-claude-response-body whitespace-normal break-words pl-2">attività di scultura, fotografia, sartoria artigianale, slow design, teatro e yoga anche con finalità di socializzazione e di inclusione sociale delle fasce marginali della società;</li>
<li class="font-claude-response-body whitespace-normal break-words pl-2">attività e laboratori creativi per bambini (pittura, scultura, corsi di lingue, teatro e movimento, dopo scuola);</li>
<li class="font-claude-response-body whitespace-normal break-words pl-2">attività di educazione alla cittadinanza;</li>
<li class="font-claude-response-body whitespace-normal break-words pl-2">promozione e sviluppo delle reti di comunità;</li>
<li class="font-claude-response-body whitespace-normal break-words pl-2">organizzazione eventi e iniziative culturali e sociali;</li>
<li class="font-claude-response-body whitespace-normal break-words pl-2">in ottica solidaristica e mutualistica, messa a condivisione di spazi per lo studio e il coworking;</li>
<li class="font-claude-response-body whitespace-normal break-words pl-2">realizzazione di attività a tema ambientale ed eco-solidali, con l&#8217;intento di sensibilizzare la comunità alla sostenibilità e al consumo etico;</li>
<li class="font-claude-response-body whitespace-normal break-words pl-2">ogni altra attività che sia espressione delle attività di interesse generale sopra individuate.</li>
</ul>
